{"id":2029,"date":"2015-12-01T07:01:25","date_gmt":"2015-12-01T13:01:25","guid":{"rendered":"http:\/\/www.e-quidam.com\/elblog\/?page_id=2029"},"modified":"2015-11-30T17:00:24","modified_gmt":"2015-11-30T23:00:24","slug":"el-plan","status":"publish","type":"page","link":"http:\/\/www.e-quidam.com\/elblog\/el-plan2012\/el-plan\/","title":{"rendered":"El Plan, Paso a Paso (\u00cdndice)"},"content":{"rendered":"<blockquote><p>Para quienes iniciaron <a title=\"El Plan Personal Poderoso\" href=\"http:\/\/www.e-quidam.com\/elblog\/?page_id=908\" target=\"_blank\">El Plan Personal Poderoso<\/a> despu\u00e9s de la fecha de lanzamiento, puede ser complicado ir buscando el siguiente paso. En esta p\u00e1gina puedes acceder a cada uno los pasos. Simplemente regresa AQU\u00cd y ve al paso que requieres.<\/p>\n<p><strong>Recuerda que cada d\u00eda de diciembre se publica un nuevo Paso del Plan. Si tratas de adelantarte, no podr\u00e1s entrar a aquellas ligas de los Pasos que a\u00fan no han sido publicados.<\/strong><\/p>\n<p>\u00a1Adelante con tu plan!<\/p><\/blockquote>\n<p>&nbsp;<\/p>\n<h2 style=\"text-align: center;\"><a title=\"#ElPlanQ, D\u00eda 1: Selecciona al compa\u00f1ero de planeaci\u00f3n correcto.\" href=\"http:\/\/www.e-quidam.com\/elblog\/?p=1997\" target=\"_blank\">PASO 1<\/a><\/h2>\n<h2 style=\"text-align: center;\"><a title=\"#ElPlanQ, D\u00eda 2: Recluta a tu Consejo Consultivo\" href=\"http:\/\/www.e-quidam.com\/elblog\/?p=2005\" target=\"_blank\">PASO 2<\/a><\/h2>\n<h2 style=\"text-align: center;\"><a title=\"#ElPlanQ, D\u00eda 3: Celebra tus logros del \u00faltimo a\u00f1o\" href=\"http:\/\/www.e-quidam.com\/elblog\/?p=2018\" target=\"_blank\">PASO 3<\/a><\/h2>\n<h2 style=\"text-align: center;\"><a title=\"#ElPlanQ, D\u00eda 4: Reafirma tus fortalezas personales.\" href=\"http:\/\/www.e-quidam.com\/elblog\/?p=2046\" target=\"_blank\">PASO 4<\/a><\/h2>\n<h2 style=\"text-align: center;\"><a title=\"#ElPlanQ, D\u00eda 5: Describe tus supuestos de planeaci\u00f3n.\" href=\"http:\/\/www.e-quidam.com\/elblog\/?p=995\" target=\"_blank\">PASO 5<\/a><\/h2>\n<h2 style=\"text-align: center;\"><a title=\"#ElPlanQ, Los Supuestos Empoderantes (Lee esto antes del Paso 6)\" href=\"http:\/\/www.e-quidam.com\/elblog\/?p=1008\" target=\"_blank\">Para leer antes del PASO 6<\/a><\/h2>\n<h2 style=\"text-align: center;\"><a title=\"#ElPlanQ, D\u00eda 6: Busca tus oportunidades en el pr\u00f3ximo a\u00f1o\" href=\"http:\/\/www.e-quidam.com\/elblog\/?p=2051\" target=\"_blank\">PASO 6<\/a><\/h2>\n<h2 style=\"text-align: center;\"><a title=\"#ElPlanQ, D\u00eda 7: Dise\u00f1a el legado que deseas\" href=\"http:\/\/www.e-quidam.com\/elblog\/?p=1081\" target=\"_blank\">PASO 7<\/a><\/h2>\n<h2 style=\"text-align: center;\"><a title=\"#ElPlanQ, D\u00eda 8: Dise\u00f1a tu prop\u00f3sito de vida\" href=\"http:\/\/www.e-quidam.com\/elblog\/?p=1097\" target=\"_blank\">PASO 8<\/a><\/h2>\n<h2 style=\"text-align: center;\"><a title=\"#ElPlanQ, D\u00eda 9: Define los elementos de una visi\u00f3n actual poderosa\" href=\"http:\/\/www.e-quidam.com\/elblog\/?p=1109\" target=\"_blank\">PASO 9<\/a><\/h2>\n<h2 style=\"text-align: center;\"><a title=\"#ElPlanQ, D\u00eda 10: Define los elementos de un plan poderoso e inspirador.\" href=\"http:\/\/www.e-quidam.com\/elblog\/?p=1124\" target=\"_blank\">PASO 10<\/a><\/h2>\n<h2 style=\"text-align: center;\"><a title=\"#ElPlanQ, D\u00eda 11: Selecciona personas modelo.\" href=\"http:\/\/www.e-quidam.com\/elblog\/?p=1152\" target=\"_blank\">PASO 11<\/a><\/h2>\n<h2 style=\"text-align: center;\"><a title=\"#ElPlanQ, Paso 12: Crea la declaraci\u00f3n de visi\u00f3n.\" href=\"http:\/\/www.e-quidam.com\/elblog\/?p=1163\" target=\"_blank\">PASO 12<\/a><\/h2>\n<h2 style=\"text-align: center;\"><a title=\"#ElPlanQ: D\u00eda 13, Pule tu declaraci\u00f3n de visi\u00f3n hasta que brille\" href=\"http:\/\/www.e-quidam.com\/elblog\/?p=2055\" target=\"_blank\">PASO 13<\/a><\/h2>\n<h2 style=\"text-align: center;\"><a title=\"#ElPlanQ: D\u00eda 14, Usa el an\u00e1lisis de diferencias para crear posibles estrategias.\" href=\"http:\/\/www.e-quidam.com\/elblog\/?p=1175\" target=\"_blank\">PASO 14<\/a><\/h2>\n<h2 style=\"text-align: center;\"><a title=\"#ElPlanQ: D\u00eda 15, Usa el an\u00e1lisis de fortalezas para crear posibles estrategias.\" href=\"http:\/\/www.e-quidam.com\/elblog\/?p=1183\" target=\"_blank\">PASO 15<\/a><\/h2>\n<h2 style=\"text-align: center;\"><a title=\"#ElPlanQ: D\u00eda 16, Usa el an\u00e1lisis de elemento central para crear posibles estrategias.\" href=\"http:\/\/www.e-quidam.com\/elblog\/?p=1186\" target=\"_blank\">PASO 16<\/a><\/h2>\n<h2 style=\"text-align: center;\"><a title=\"#ElPlanQ: D\u00eda 17, Usa el an\u00e1lisis de apoyos para crear posibles estrategias.\" href=\"http:\/\/www.e-quidam.com\/elblog\/?p=1195\" target=\"_blank\">PASO 17<\/a><\/h2>\n<h2 style=\"text-align: center;\"><a title=\"#ElPlanQ: D\u00eda 18, Usa el an\u00e1lisis de cambio para crear posibles estrategias.\" href=\"http:\/\/www.e-quidam.com\/elblog\/?p=1203\" target=\"_blank\">PASO 18<\/a><\/h2>\n<h2 style=\"text-align: center;\"><a title=\"#ElPlanQ: D\u00eda 19, Usa la brillantez de Godin para construir estrategias.\" href=\"http:\/\/www.e-quidam.com\/elblog\/?p=1211\" target=\"_blank\">PASO 19<\/a><\/h2>\n<h2 style=\"text-align: center;\"><a title=\"#ElPlanQ: D\u00eda 20, Elige tus mejores estrategias para el a\u00f1o pr\u00f3ximo\" href=\"http:\/\/www.e-quidam.com\/elblog\/?p=1218\" target=\"_blank\">PASO 20<\/a><\/h2>\n<h2 style=\"text-align: center;\"><a title=\"#ElPlanQ: D\u00eda 21, Prueba tus estrategias\" href=\"http:\/\/www.e-quidam.com\/elblog\/?p=1226\" target=\"_blank\">PASO 21<\/a><\/h2>\n<h2 style=\"text-align: center;\"><a title=\"#ElPlanQ: Paso 22, Crea metas inteligentes para tu plan.\" href=\"http:\/\/www.e-quidam.com\/elblog\/?p=1233\" target=\"_blank\">PASO 22<\/a><\/h2>\n<h2 style=\"text-align: center;\"><a title=\"#ElPlanQ 2014: D\u00eda 23, Ensambla el borrador de tu plan para el consejo.\" href=\"http:\/\/www.e-quidam.com\/elblog\/?p=1243\" target=\"_blank\">PASO 23<\/a><\/h2>\n<h2 style=\"text-align: center;\"><a title=\"#ElPlanQ: D\u00eda 24, \u00a1Felicidades!\" href=\"http:\/\/www.e-quidam.com\/elblog\/?p=1249\" target=\"_blank\">PASO 24<\/a><\/h2>\n<h2 style=\"text-align: center;\"><a title=\"#ElPlanQ: D\u00eda 25, Env\u00eda el plan a tu consejo consultivo.\" href=\"http:\/\/www.e-quidam.com\/elblog\/?p=1270\" target=\"_blank\">PASO 25<\/a><\/h2>\n<h2 style=\"text-align: center;\"><a title=\"Paso 26\" href=\"http:\/\/www.e-quidam.com\/elblog\/?p=1275\" target=\"_blank\">PASO 26<\/a><\/h2>\n<h2 style=\"text-align: center;\"><a title=\"Paso 27\" href=\"http:\/\/www.e-quidam.com\/elblog\/?p=1278\" target=\"_blank\">PASO 27<\/a><\/h2>\n<h2 style=\"text-align: center;\"><a title=\"Paso 28\" href=\"http:\/\/www.e-quidam.com\/elblog\/?p=1284\" target=\"_blank\">PASO 28<\/a><\/h2>\n<h2 style=\"text-align: center;\"><a title=\"Paso 29\" href=\"http:\/\/www.e-quidam.com\/elblog\/?p=1289\" target=\"_blank\">PASO 29<\/a><\/h2>\n<h2 style=\"text-align: center;\"><a title=\"Paso 30\" href=\"http:\/\/www.e-quidam.com\/elblog\/?p=1299\" target=\"_blank\">PASO 30<\/a><\/h2>\n<h2 style=\"text-align: center;\"><a title=\"Paso 31\" href=\"http:\/\/www.e-quidam.com\/elblog\/?p=2059\" target=\"_blank\">PASO 31<\/a><\/h2>\n<p>&nbsp;<\/p>\n<p>&#8212;&#8212;&#8212;&#8212;&#8212;&#8212;&#8212;&#8212;&#8211;<\/p>\n<p><em><a href=\"http:\/\/www.e-quidam.com\/elblog\/wp-content\/uploads\/2008\/11\/Mone-Oficial-2011.jpg\"><img loading=\"lazy\" decoding=\"async\" title=\"Mone Oficial 2011\" src=\"http:\/\/www.e-quidam.com\/elblog\/wp-content\/uploads\/2008\/11\/Mone-Oficial-2011.jpg\" alt=\"\" width=\"110\" height=\"129\" \/><\/a><\/em><\/p>\n<p><em><a title=\"Monica Diaz de Peralta\" href=\"http:\/\/www.linkedin.com\/in\/monicadiazdeperalta\" target=\"_blank\">M\u00f3nica Diaz<\/a>\u00a0es Directora General de\u00a0<a title=\"Quidam Global\" href=\"http:\/\/www.quidamglobal.com\" target=\"_blank\">Qu\u00eddam Global<\/a>, una organizaci\u00f3n mexicana que desde 1994 est\u00e1 dedicada a\u00a0la creaci\u00f3n de cultura sana en las organizaciones y desarrollo de talento. Su modelo de Coaching Q ha servido a ejecutivos, directores, gerentes, coaches, profesores y personas de muy distintos \u00e1mbitos para crear capacidades de acci\u00f3n que les permiten generar cambios permanentes y evolutivos.<\/em><\/p>\n<p><em>Qu\u00eddam Global ofrece una gran diversidad de soluciones, como la prestigiosa metodolog\u00eda de El Elemento Humano\u00ae del Dr. Will Schutz, misma que constituye el centro de nuestro trabajo. Si te interesa fortalecer tu Plan Personal,\u00a0La Carrera Impl\u00edcita\u00ae (Implicit Career Search\u00ae) es un programa de origen canadiense, basado en El Elemento Humano\u00ae, que te\u00a0ayudar\u00e1 a generar un plan de vida y carrera, desde tu esencia hasta tu contribuci\u00f3n \u00fanica. \u00bfTe interesa?\u00a0Escr\u00edbenos a\u00a0<strong>contact@quidamglobal.com<\/strong>.\u00a0<\/em><em>Si est\u00e1s en Twitter, puedes seguirnos en la cuenta de\u00a0<a title=\"Quidam Global en Twitter\" href=\"http:\/\/www.twitter.com\/quidamglobal\" target=\"_blank\">Qu\u00eddam<\/a>\u00a0o en la de\u00a0<a title=\"M\u00f3nica Diaz en Twitter\" href=\"http:\/\/www.twitter.com\/monediaz\" target=\"_blank\">M\u00f3nica Diaz\u00a0<\/a>donde avisaremos de avances en el proceso de #ElPlanQ, o bien en nuestra p\u00e1gina de\u00a0<a title=\"Quidam en Facebook\" href=\"http:\/\/www.facebook.com\/quidamglobal\" target=\"_blank\">Facebook<\/a>.<\/em><\/p>\n<p><em>Este art\u00edculo fue escrito originalmente por\u00a0<a href=\"http:\/\/www.dave-carpenter.com\/\" target=\"_blank\">Dave Carpenter<\/a>. Adem\u00e1s de escribir un blog de manera regular, su trabajo puede leerse en diversas publicaciones de negocios y desarrollo personal. Dave es tambi\u00e9n el creador del\u00a0<a title=\"Accelerate Success Mentoring Program\" href=\"http:\/\/accelerate-success.com\/\" target=\"_blank\"><strong>Accelerate Success<\/strong>\u00a0mentoring program<\/a>\u00a0para l\u00edderes de alto desempe\u00f1o. M\u00f3nica Diaz es coach de varios de sus participantes en espa\u00f1ol. Si deseas, puedes\u00a0<a href=\"http:\/\/twitter.com\/dave_carpenter\" target=\"_blank\">seguir a\u00a0Dave\u00a0en Twitter<\/a>, en\u00a0<a title=\"Dave Carpenter\" href=\"http:\/\/www.facebook.com\/dave.carpenter1#!\/dave.carpenter1\" target=\"_blank\">Facebook<\/a>, y\/o\u00a0<a title=\"Dave Carpenter on Google+\" href=\"https:\/\/plus.google.com\/u\/0\/?tab=mX#112507964677505729189\/posts\" target=\"_blank\">\u00a0Google+<\/a>.<\/em><\/p>\n","protected":false},"excerpt":{"rendered":"<p>Para quienes iniciaron El Plan Personal Poderoso despu\u00e9s de la fecha de lanzamiento, puede ser [&hellip;]<\/p>\n","protected":false},"author":1,"featured_media":0,"parent":908,"menu_order":0,"comment_status":"open","ping_status":"closed","template":"","meta":{"footnotes":""},"class_list":["post-2029","page","type-page","status-publish","hentry"],"_links":{"self":[{"href":"http:\/\/www.e-quidam.com\/elblog\/wp-json\/wp\/v2\/pages\/2029","targetHints":{"allow":["GET"]}}],"collection":[{"href":"http:\/\/www.e-quidam.com\/elblog\/wp-json\/wp\/v2\/pages"}],"about":[{"href":"http:\/\/www.e-quidam.com\/elblog\/wp-json\/wp\/v2\/types\/page"}],"author":[{"embeddable":true,"href":"http:\/\/www.e-quidam.com\/elblog\/wp-json\/wp\/v2\/users\/1"}],"replies":[{"embeddable":true,"href":"http:\/\/www.e-quidam.com\/elblog\/wp-json\/wp\/v2\/comments?post=2029"}],"version-history":[{"count":37,"href":"http:\/\/www.e-quidam.com\/elblog\/wp-json\/wp\/v2\/pages\/2029\/revisions"}],"predecessor-version":[{"id":2264,"href":"http:\/\/www.e-quidam.com\/elblog\/wp-json\/wp\/v2\/pages\/2029\/revisions\/2264"}],"up":[{"embeddable":true,"href":"http:\/\/www.e-quidam.com\/elblog\/wp-json\/wp\/v2\/pages\/908"}],"wp:attachment":[{"href":"http:\/\/www.e-quidam.com\/elblog\/wp-json\/wp\/v2\/media?parent=2029"}],"curies":[{"name":"wp","href":"https:\/\/api.w.org\/{rel}","templated":true}]}}